{"id":1064,"date":"2020-08-17T15:54:11","date_gmt":"2020-08-17T18:54:11","guid":{"rendered":"https:\/\/isfd68-bue.infd.edu.ar\/sitio\/?page_id=1064"},"modified":"2020-08-17T16:00:18","modified_gmt":"2020-08-17T19:00:18","slug":"guia-administrativa","status":"publish","type":"page","link":"https:\/\/isfd68-bue.infd.edu.ar\/sitio\/guia-administrativa\/","title":{"rendered":"GU\u00cdA ADMINISTRATIVA"},"content":{"rendered":"<p>Esta secci\u00f3n involucra a partir del calendario acad\u00e9mico anual, las acciones que deber\u00e1s tener en cuenta en tu trayectoria.<\/p>\n","protected":false},"excerpt":{"rendered":"<p>Esta secci\u00f3n involucra a partir del calendario acad\u00e9mico anual, las acciones que deber\u00e1s tener en cuenta en tu trayectoria.<\/p>\n","protected":false},"author":27,"featured_media":0,"parent":0,"menu_order":0,"comment_status":"closed","ping_status":"closed","template":"","meta":[],"acf":[],"_links":{"self":[{"href":"https:\/\/isfd68-bue.infd.edu.ar\/sitio\/wp-json\/wp\/v2\/pages\/1064"}],"collection":[{"href":"https:\/\/isfd68-bue.infd.edu.ar\/sitio\/wp-json\/wp\/v2\/pages"}],"about":[{"href":"https:\/\/isfd68-bue.infd.edu.ar\/sitio\/wp-json\/wp\/v2\/types\/page"}],"author":[{"embeddable":true,"href":"https:\/\/isfd68-bue.infd.edu.ar\/sitio\/wp-json\/wp\/v2\/users\/27"}],"replies":[{"embeddable":true,"href":"https:\/\/isfd68-bue.infd.edu.ar\/sitio\/wp-json\/wp\/v2\/comments?post=1064"}],"version-history":[{"count":3,"href":"https:\/\/isfd68-bue.infd.edu.ar\/sitio\/wp-json\/wp\/v2\/pages\/1064\/revisions"}],"predecessor-version":[{"id":1069,"href":"https:\/\/isfd68-bue.infd.edu.ar\/sitio\/wp-json\/wp\/v2\/pages\/1064\/revisions\/1069"}],"wp:attachment":[{"href":"https:\/\/isfd68-bue.infd.edu.ar\/sitio\/wp-json\/wp\/v2\/media?parent=1064"}],"curies":[{"name":"wp","href":"https:\/\/api.w.org\/{rel}","templated":true}]}}