{"id":1407,"date":"2021-09-17T01:46:50","date_gmt":"2021-09-17T04:46:50","guid":{"rendered":"https:\/\/isfd68-bue.infd.edu.ar\/sitio\/?page_id=1407"},"modified":"2021-09-17T02:13:25","modified_gmt":"2021-09-17T05:13:25","slug":"https-docs-google-com-forms-d-e-1faipqlscnzzvwder0wzhpvsv-zfndxyrtwcddcew9h6mahzbwembztq-viewformuspsf_linksolicitud-de-certificados-2","status":"publish","type":"page","link":"https:\/\/isfd68-bue.infd.edu.ar\/sitio\/https-docs-google-com-forms-d-e-1faipqlscnzzvwder0wzhpvsv-zfndxyrtwcddcew9h6mahzbwembztq-viewformuspsf_linksolicitud-de-certificados-2\/","title":{"rendered":"Solicitud de certificados"},"content":{"rendered":"\n<p><a href=\"https:\/\/docs.google.com\/forms\/d\/e\/1FAIpQLScnZZvWDER0WZHPvsV-zFndxYRTwcDdcEW9H6MahzbweMbztQ\/viewform?usp=sf_link\">https:\/\/docs.google.com\/forms\/d\/e\/1FAIpQLScnZZvWDER0WZHPvsV-zFndxYRTwcDdcEW9H6MahzbweMbztQ\/viewform?usp=sf_link<\/a><\/p>\n\n\n\n<p>Estimado\/estimada estudiante:<\/p>\n\n\n\n<p>Al activar este link Ud. podra completar un formulario que le permitira solicitar un certificado y\/ o constancia.<br><\/p>\n\n\n\n<p>El formulario que esta Ud. solicitando se refiere a una constancia ya sea de:  alumno regular, certificado anal\u00edtico, mesa de examen, inscripci\u00f3n a la carrera, solicitud de pase, constancia de asistencia a practica, ingreso a la docencia, titulo en tramite, etc.<br><\/p>\n\n\n\n<p>Para ello complete bien cada uno de los espacios solicitados y recuerde que el tiempo de elaboraci\u00f3n ser\u00e1 desde las 48 horas a los 7 d\u00edas aproximadamente.<br>Muchas gracias,<\/p>\n\n\n\n<p>Equipo institucional.<\/p>\n","protected":false},"excerpt":{"rendered":"<p>https:\/\/docs.google.com\/forms\/d\/e\/1FAIpQLScnZZvWDER0WZHPvsV-zFndxYRTwcDdcEW9H6MahzbweMbztQ\/viewform?usp=sf_link Estimado\/estimada estudiante: Al activar este link Ud. podra completar un formulario que le permitira solicitar un certificado y\/ o constancia. El formulario que esta Ud. solicitando se refiere a una constancia ya sea de: alumno regular, certificado anal\u00edtico, mesa de examen, inscripci\u00f3n a la carrera, solicitud de pase, constancia de asistencia a practica, ingreso &#8230; <a title=\"Solicitud de certificados\" class=\"read-more\" href=\"https:\/\/isfd68-bue.infd.edu.ar\/sitio\/https-docs-google-com-forms-d-e-1faipqlscnzzvwder0wzhpvsv-zfndxyrtwcddcew9h6mahzbwembztq-viewformuspsf_linksolicitud-de-certificados-2\/\" aria-label=\"More on Solicitud de certificados\">[+]<\/a><\/p>\n","protected":false},"author":27,"featured_media":0,"parent":0,"menu_order":0,"comment_status":"closed","ping_status":"closed","template":"","meta":[],"acf":[],"_links":{"self":[{"href":"https:\/\/isfd68-bue.infd.edu.ar\/sitio\/wp-json\/wp\/v2\/pages\/1407"}],"collection":[{"href":"https:\/\/isfd68-bue.infd.edu.ar\/sitio\/wp-json\/wp\/v2\/pages"}],"about":[{"href":"https:\/\/isfd68-bue.infd.edu.ar\/sitio\/wp-json\/wp\/v2\/types\/page"}],"author":[{"embeddable":true,"href":"https:\/\/isfd68-bue.infd.edu.ar\/sitio\/wp-json\/wp\/v2\/users\/27"}],"replies":[{"embeddable":true,"href":"https:\/\/isfd68-bue.infd.edu.ar\/sitio\/wp-json\/wp\/v2\/comments?post=1407"}],"version-history":[{"count":4,"href":"https:\/\/isfd68-bue.infd.edu.ar\/sitio\/wp-json\/wp\/v2\/pages\/1407\/revisions"}],"predecessor-version":[{"id":1415,"href":"https:\/\/isfd68-bue.infd.edu.ar\/sitio\/wp-json\/wp\/v2\/pages\/1407\/revisions\/1415"}],"wp:attachment":[{"href":"https:\/\/isfd68-bue.infd.edu.ar\/sitio\/wp-json\/wp\/v2\/media?parent=1407"}],"curies":[{"name":"wp","href":"https:\/\/api.w.org\/{rel}","templated":true}]}}