{"id":744,"date":"2018-08-29T16:42:03","date_gmt":"2018-08-29T19:42:03","guid":{"rendered":"https:\/\/isfd68-bue.infd.edu.ar\/sitio\/publicaciones-de-alumnos\/"},"modified":"2025-02-21T15:44:55","modified_gmt":"2025-02-21T18:44:55","slug":"publicaciones-de-alumnos","status":"publish","type":"page","link":"https:\/\/isfd68-bue.infd.edu.ar\/sitio\/publicaciones-de-alumnos\/","title":{"rendered":"Publicaciones"},"content":{"rendered":"<p align=\"center\"><span style=\"font-family: verdana,geneva; font-size: small;\"><strong>Publicaciones Institucionales<\/strong><\/span><\/p>\n<table border=\"0\" width=\"100%\" align=\"center\">\n<tbody>\n<tr>\n<td style=\"width: 70%;\">&nbsp;<\/p>\n<p><span style=\"font-family: verdana,geneva; font-size: small;\"><strong><img decoding=\"async\" src=\"https:\/\/isfd68-bue.infd.edu.ar\/sitio\/wp-content\/uploads\/2018\/08\/10x10.gif\" alt=\"Transparente\" border=\"0\">T\u00edtulo:<br \/>\n<img decoding=\"async\" src=\"https:\/\/isfd68-bue.infd.edu.ar\/sitio\/wp-content\/uploads\/2018\/08\/10x10.gif\" alt=\"Transparente\" border=\"0\">Autor:<br \/>\n<img decoding=\"async\" src=\"https:\/\/isfd68-bue.infd.edu.ar\/sitio\/wp-content\/uploads\/2018\/08\/10x10.gif\" alt=\"Transparente\" border=\"0\"><\/strong><\/span><\/p>\n<p>&nbsp;<\/td>\n<td>&nbsp;<\/p>\n<div style=\"text-align: center;\"><img decoding=\"async\" src=\"https:\/\/isfd68-bue.infd.edu.ar\/sitio\/wp-content\/uploads\/2018\/08\/icono_pdf.gif\" alt=\"Icono pdf \" border=\"0\"><\/div>\n<div style=\"text-align: center;\"><span style=\"font-family: verdana,geneva; font-size: small;\"><u>Archivo.pdf<\/u><\/span><\/div>\n<\/td>\n<\/tr>\n<tr>\n<td>&nbsp;<\/p>\n<p><span style=\"font-family: verdana,geneva; font-size: small;\"><strong><img decoding=\"async\" src=\"https:\/\/isfd68-bue.infd.edu.ar\/sitio\/wp-content\/uploads\/2018\/08\/10x10.gif\" alt=\"Transparente\" border=\"0\">T\u00edtulo:<br \/>\n<img decoding=\"async\" src=\"https:\/\/isfd68-bue.infd.edu.ar\/sitio\/wp-content\/uploads\/2018\/08\/10x10.gif\" alt=\"Transparente\" border=\"0\">Autor:<br \/>\n<\/strong><\/span><\/p>\n<p>&nbsp;<\/td>\n<td>\n<p align=\"center\"><img decoding=\"async\" src=\"https:\/\/isfd68-bue.infd.edu.ar\/sitio\/wp-content\/uploads\/2018\/08\/icono_pdf.gif\" alt=\"Icono pdf \" border=\"0\"><br \/>\n<span style=\"font-family: verdana,geneva; font-size: small;\"><u>Archivo.pdf<\/u><\/span><\/p>\n<\/td>\n<\/tr>\n<tr>\n<td>&nbsp;<\/p>\n<p><strong><span style=\"font-family: verdana,geneva; font-size: small;\"><img decoding=\"async\" src=\"https:\/\/isfd68-bue.infd.edu.ar\/sitio\/wp-content\/uploads\/2018\/08\/10x10.gif\" alt=\"Transparente\" border=\"0\">T\u00edtulo:<br \/>\n<img decoding=\"async\" src=\"https:\/\/isfd68-bue.infd.edu.ar\/sitio\/wp-content\/uploads\/2018\/08\/10x10.gif\" alt=\"Transparente\" border=\"0\">Autor:<br \/>\n<img decoding=\"async\" src=\"https:\/\/isfd68-bue.infd.edu.ar\/sitio\/wp-content\/uploads\/2018\/08\/10x10.gif\" alt=\"Transparente\" border=\"0\"><\/span><\/strong><\/p>\n<p>&nbsp;<\/td>\n<td>\n<p align=\"center\"><img decoding=\"async\" src=\"https:\/\/isfd68-bue.infd.edu.ar\/sitio\/wp-content\/uploads\/2018\/08\/icono_pdf.gif\" alt=\"Icono pdf \" border=\"0\"><br \/>\n<span style=\"font-family: verdana,geneva; font-size: small;\"><u>Archivo.pdf<\/u><\/span><\/p>\n<\/td>\n<\/tr>\n<\/tbody>\n<\/table>\n","protected":false},"excerpt":{"rendered":"<p>Publicaciones Institucionales &nbsp; T\u00edtulo: Autor: &nbsp; &nbsp; Archivo.pdf &nbsp; T\u00edtulo: Autor: &nbsp; Archivo.pdf &nbsp; T\u00edtulo: Autor: &nbsp; Archivo.pdf<\/p>\n","protected":false},"author":7,"featured_media":0,"parent":0,"menu_order":0,"comment_status":"closed","ping_status":"closed","template":"","meta":[],"acf":[],"_links":{"self":[{"href":"https:\/\/isfd68-bue.infd.edu.ar\/sitio\/wp-json\/wp\/v2\/pages\/744"}],"collection":[{"href":"https:\/\/isfd68-bue.infd.edu.ar\/sitio\/wp-json\/wp\/v2\/pages"}],"about":[{"href":"https:\/\/isfd68-bue.infd.edu.ar\/sitio\/wp-json\/wp\/v2\/types\/page"}],"author":[{"embeddable":true,"href":"https:\/\/isfd68-bue.infd.edu.ar\/sitio\/wp-json\/wp\/v2\/users\/7"}],"replies":[{"embeddable":true,"href":"https:\/\/isfd68-bue.infd.edu.ar\/sitio\/wp-json\/wp\/v2\/comments?post=744"}],"version-history":[{"count":3,"href":"https:\/\/isfd68-bue.infd.edu.ar\/sitio\/wp-json\/wp\/v2\/pages\/744\/revisions"}],"predecessor-version":[{"id":2112,"href":"https:\/\/isfd68-bue.infd.edu.ar\/sitio\/wp-json\/wp\/v2\/pages\/744\/revisions\/2112"}],"wp:attachment":[{"href":"https:\/\/isfd68-bue.infd.edu.ar\/sitio\/wp-json\/wp\/v2\/media?parent=744"}],"curies":[{"name":"wp","href":"https:\/\/api.w.org\/{rel}","templated":true}]}}